ctor of v and t.
3
Suppose -119 = -l + 5*v + 96, 0 = 2*l - 4*v - 400. Calculate the highest common factor of l and 10.
10
Suppose 4*i = 2*i + 5*y - 13, 0 = -4*i - 4*y + 44. Suppose -i*h + 130 = -h. What is the greatest common factor of h and 104?
26
Let d(l) = -676*l + 83. Let s be d(-1). What is the greatest common divisor of 33 and s?
33
Let x(p) = -p**3 + 6*p**2 - 3*p + 1. Let o be 4/8 + 18/4. Let t be o/(-15) - 16/(-3). Let z be x(t). What is the greatest common factor of 55 and z?
11
Let g(i) = 46*i + 41. Let a be g(21). Calculate the greatest common divisor of a and 19.
19
Let v = 34 + 19. Let u = v - 39. Calculate the highest common factor of u and 238.
14
Suppose 7*k = 5*b + 3*k - 166, 0 = b + 2*k - 22. Suppose 0*j - 181 = -3*j - h, 178 = 3*j - 2*h. What is the highest common factor of j and b?
30
Suppose -4*r - 50 = -2*t - 6*r, -133 = -5*t - r. What is the highest common factor of 3 and t?
3
Let v be (-97)/(-2) + (-51)/(-102). Calculate the greatest common divisor of 28 and v.
7
Let r be -2 - 7/((-21)/6). Suppose r = -f - 4*f + 320. What is the greatest common factor of f and 16?
16
Let u = 20 + 64. What is the highest common divisor of u and 105?
21
Suppose -30*m + 1355 = 305. Let n(x) = -x**2 - 6*x - 3. Let h be n(-4). What is the highest common factor of m and h?
5
Suppose -9*o + 232 = -5*o. Let l = 25 + -50. Let z = l + o. Calculate the greatest common factor of z and 3.
3
Let h be 126/9*(-1)/2*-2. What is the highest common divisor of h and 126?
14
Suppose 24*m - 25*m + 10 = 0. Suppose -m*d + 6 = -9*d. What is the highest common divisor of 12 and d?
6
Suppose 44*d - 352 = 968. Let s be (-3)/((-13)/10 - -1). Calculate the greatest common divisor of d and s.
10
Suppose 6*y = -4*y + 90. Let p = -34 - -35. Calculate the greatest common divisor of y and p.
1
Suppose -1 = w - 4. Suppose 5*i + 3*m = 15, 3*i - 9 = -0*m + 2*m. Suppose -172 = -i*o - 73. Calculate the highest common divisor of o and w.
3
Let d be (35 + -6)*(1 - (-2 + 2)). What is the greatest common divisor of d and 551?
29
Let m(n) = 15*n + 155. Let z be m(-6). Calculate the greatest common factor of z and 13.
13
Let o be 1*3 + 6 + -5. Suppose -o*u = -q - 6, u - 1 = 1. Calculate the highest common divisor of 12 and q.
2
Suppose 0*l + 94 = 2*l - 4*b, 0 = 3*l - b - 121. Calculate the greatest common factor of l and 351.
39
Let p(w) = -9*w - 84. Let o be p(-17). What is the highest common divisor of o and 115?
23
Let x be (-4)/(8/(-3))*2. Let w(a) = -13*a - 2. Let d be w(-2). Calculate the greatest common factor of d and x.
3
Let i be 1 - (-3)/(12/16). Suppose -4*f - 7 = 5, i*g - 2*f = 21. Calculate the highest common divisor of 24 and g.
3
Let g = 24 + -1. Suppose 0 = -8*c + 9*c - g. Let r = 1 - -114. Calculate the greatest common divisor of c and r.
23
Let q = -29 - -33. Suppose 0*u = 4*u - o - 239, q*o = u - 56. What is the highest common divisor of u and 75?
15
Let v be -3 + 33 + 3 + -7. Suppose -3*a = -3*x + 423, -3*x = x + 4*a - 580. Calculate the greatest common divisor of v and x.
13
Suppose -j - 10 = -5*u - 4*j, 4*u - 1 = -j. Let g be -65*(-5 - u - -3). Let i be ((-1)/(3/(-39)))/1. What is the greatest common divisor of i and g?
13
Let o(p) = -6*p**2 + 8*p + 5. Let b(r) = 5*r**2 - 9*r - 4. Let n(k) = -5*b(k) - 4*o(k). Let f be n(12). Calculate the greatest common divisor of 12 and f.
12
Suppose 9 + 159 = 4*y. Let i = -34 + y. What is the highest common factor of i and 72?
8
Suppose 3*f = -0*f - 24. Let c be (-2)/f - 22/(-8). Suppose 2*t - 66 - 35 = -c*k, 0 = -3*t + 2*k + 158. What is the greatest common factor of t and 13?
13
Let m be 1 + (23 - 4/4). Let x = 30 - m. Calculate the highest common divisor of x and 7.
7
Let i(b) = -31*b - 63. Let x be i(-17). What is the highest common divisor of 16 and x?
16
Let j be (-237)/(-24) - (-2)/(14 - -2). Let r = 176 - 106. Calculate the highest common factor of j and r.
10
Suppose -16 - 4 = -4*a. Suppose -52 = -2*u - a*q + 12, 4*u - q = 106. Let o be 2/(-8) - 434/(-8). Calculate the greatest common factor of o and u.
27
Suppose 3*r + 3 = -48. Let o(k) = -3*k + 24. Let h be o(2). Let n = r + h. Calculate the highest common factor of 8 and n.
1
Suppose -2*k + a + 89 = 0, 0*k - a = 3*k - 121. What is the greatest common factor of 378 and k?
42
Let h(f) = -f**3 + 25*f**2 - 18*f - 99. Let x be h(24). What is the greatest common factor of x and 360?
45
Let o be (-6)/21 + (-18)/(-14) + -1. Suppose -3*l - 20 = l, o = 5*u - l - 80. Suppose 11 + 64 = 5*y. Calculate the highest common factor of y and u.
15
Let q(r) = -2*r**2 - 41*r + 5. Let s be q(-19). Let y = s + -53. What is the highest common factor of 18 and y?
9
Let h be ((-142)/(-213))/((-2)/(-108)). What is the greatest common divisor of h and 2?
2
Let t(j) = 6*j**2 - 23*j - 18. Let y be t(-5). What is the greatest common factor of 65 and y?
13
Let p(l) = 2*l**3 - 2*l**2 - 10*l - 14. Let k be p(7). What is the highest common divisor of 72 and k?
72
Suppose 379 = 4*n - 85. Calculate the greatest common factor of n and 58.
58
Suppose 4*h - 46*c - 8 = -48*c, 2*c - 2 = 2*h. Calculate the highest common factor of 4 and h.
1
Let g(d) = -d + 19. Let k be g(14). Let o = -32 + 47. Calculate the highest common factor of k and o.
5
Let t(j) = j**2 + 13*j + 26. Let k be t(-11). Let n = 11 + k. What is the highest common divisor of n and 120?
15
Let t be 14/(1/1) - (-85 + 85). Calculate the highest common divisor of t and 4.
2
Let q = 97 + -109. Let k(o) = -2*o + 16. Let u be k(q). Calculate the highest common divisor of u and 440.
40
Let s(r) = r**3 + 15*r**2 + 14*r - 32. Let y be s(-15). Let f be (y/8)/(1/(-4)). What is the greatest common divisor of f and 11?
11
Let a be (-18)/171 + 27680/152. Calculate the greatest common divisor of a and 21.
7
Suppose -k = -5*j + 3*k + 49, 0 = -j + 4*k + 13. Let v be 16 + 8 + (-3)/(-1). What is the greatest common factor of v and j?
9
Suppose -561 = -4*c - 4*x + 135, -c + 180 = 3*x. Let w = 8 - 5. Suppose d = -4*h + 27, 4*d - 43 - 39 = -w*h. Calculate the highest common factor of c and d.
19
Suppose 0 = -32*t + 54*t - 110. What is the highest common divisor of t and 830?
5
Suppose 5*s - 27 = -3*g - 0*g, 3*g - s = 45. Let j = -11 + g. Suppose 4*v - 108 = j*p + 45, 0 = v - 5*p - 17. Calculate the highest common factor of 6 and v.
6
Let v(a) = -a + 14. Let i be v(-24). Calculate the highest common divisor of 38 and i.
38
Suppose 3*y - 5*t - 3 + 7 = 0, 5*y = 5*t. Suppose y*r = 3*r - 8. Calculate the greatest common divisor of r and 8.
8
Let y = -105 - -108. Suppose -2*w + 0*w + 106 = y*m, 5*m = w + 181. Calculate the greatest common divisor of m and 48.
12
Suppose 7*x - 335 = -244. Calculate the highest common factor of 65 and x.
13
Let a be 187 + -25 - (1 - -1). Suppose -q = 5*c - a, -4*q = 3*c - 3*q - 96. What is the highest common divisor of 48 and c?
16
Let a(g) = -1835*g - 9160. Let w be a(-5). Let i(l) = l**2 - 3*l - 3. Let s be i(4). What is the greatest common divisor of w and s?
1
Let g be (88/(-28))/((-3)/105). Calculate the greatest common factor of 10 and g.
10
Suppose 982 = -35*b + 3362. Calculate the greatest common factor of b and 374.
34
Suppose -2*k - 90 = -z, 0*z - z - 2*k = -90. Let x = 8 - 13. Let j = x + 20. Calculate the highest common factor of z and j.
15
Suppose -6*z = -5*k - 4*z - 705, 4*z + 705 = -5*k. Let g = k - -251. Let q = -14 + 58. Calculate the greatest common divisor of q and g.
22
Let k(z) = 31*z**2 + 7*z - 7. Let y be k(4). Suppose -20*s = -19*s - y. Calculate the greatest common divisor of 47 and s.
47
Let a(l) = -l + 37. Let r be a(-21). Suppose -4*j + r = 4*f - 314, -2*j = 0. What is the greatest common factor of f and 62?
31
Suppose 3 = 2*a + a. Suppose 0 = -5*d + 2*d + 3, 0 = -w - 4*d + 10. What is the greatest common factor of a and w?
1
Let g = 262 + -249. Calculate the highest common factor of g and 325.
13
Let c be (-2*(-9)/(-4))/((-9)/1248). What is the greatest common factor of c and 48?
48
Suppose 0 = -q + 6*q - 80. Let s be (-10 - -12)/(2/16). Let d = s - 14. Calculate the highest common divisor of d and q.
2
Suppose 4*n = -4*r, n + 5*r = -0*r. Suppose p + p + 2*i + 12 = 0, -5*p + 5*i = n. Let o be 19 - p/(3 - 6). What is the highest common divisor of o and 90?
18
Suppose -4*r + 1207 = 727. Calculate the